hat is the hundred millions digit of 1002815948?
0
What is the thousands digit of 91948529?
8
What is the hundreds digit of 46139312?
3
What is the ten millions digit of 43618107?
4
What is the hundreds digit of 408160049?
0
What is the units digit of 6699905174?
4
What is the thousands digit of 110014870?
4
What is the hundreds digit of 54933220?
2
What is the ten thousands digit of 653234199?
3
What is the tens digit of 25316514?
1
What is the millions digit of 2936848079?
6
What is the units digit of 370341682?
2
What is the hundreds digit of 9071498?
4
What is the hundreds digit of 588969267?
2
What is the thousands digit of 8408861225?
1
What is the millions digit of 39854247?
9
What is the thousands digit of 1513586886?
6
What is the hundred thousands digit of 204470773?
4
What is the ten millions digit of 1382870379?
8
What is the millions digit of 3458228315?
8
What is the ten millions digit of 6388019096?
8
What is the thousands digit of 230014706?
4
What is the millions digit of 954429856?
4
What is the ten thousands digit of 1922796674?
9
What is the hundred thousands digit of 1883618954?
6
What is the units digit of 60327679?
9
What is the tens digit of 1830886667?
6
What is the hundred millions digit of 880739968?
8
What is the thousands digit of 226220507?
0
What is the hundred thousands digit of 136193598?
1
What is the hundred millions digit of 697941159?
6
What is the hundred thousands digit of 1812838023?
8
What is the thousands digit of 55008378?
8
What is the hundred thousands digit of 11145369?
1
What is the hundreds digit of 2257456793?
7
What is the hundred thousands digit of 55509044?
5
What is the units digit of 816074874?
4
What is the hundreds digit of 239426765?
7
What is the millions digit of 7981285596?
1
What is the millions digit of 292124692?
2
What is the hundred thousands digit of 1385284395?
2
What is the tens digit of 2933486?
8
What is the millions digit of 154370120?
4
What is the ten millions digit of 3065913292?
6
What is the tens digit of 300546103?
0
What is the millions digit of 68865737?
8
What is the ten millions digit of 47902391?
4
What is the hundred thousands digit of 226994563?
9
What is the hundred thousands digit of 4199023943?
0
What is the hundreds digit of 702030178?
1
What is the hundreds digit of 63658281?
2
What is the units digit of 78115778?
8
What is the millions digit of 193235876?
3
What is the ten thousands digit of 769350521?
5
What is the tens digit of 656723858?
5
What is the hundred millions digit of 8460212773?
4
What is the ten millions digit of 372904263?
7
What is the hundreds digit of 88347061?
0
What is the millions digit of 1211365500?
1
What is the billions digit of 4515672935?
4
What is the millions digit of 113669109?
3
What is the ten thousands digit of 45082091?
8
What is the millions digit of 56123133?
6
What is the hundred millions digit of 543947352?
5
What is the tens digit of 2085391943?
4
What is the hundred thousands digit of 521565921?
5
What is the ten thousands digit of 855350482?
5
What is the ten millions digit of 301559002?
0
What is the ten thousands digit of 636957835?
5
What is the tens digit of 115568049?
4
What is the thousands digit of 22992552?
2
What is the tens digit of 536003450?
5
What is the hundred millions digit of 181388198?
1
What is the tens digit of 56587245?
4
What is the tens digit of 7461230319?
1
What is the thousands digit of 132659287?
9
What is the hundreds digit of 747892329?
3
What is the millions digit of 34664360?
4
What is the hundreds digit of 2601939?
9
What is the hundreds digit of 14011184?
1
What is the ten millions digit of 203477271?
0
What is the millions digit of 328490888?
8
What is the tens digit of 204758320?
2
What is the ten millions digit of 54747617?
5
What is the hundred thousands digit of 84626653?
6
What is the hundreds digit of 206944987?
9
What is the ten thousands digit of 164421459?
2
What is the units digit of 1539196706?
6
What is the hundreds digit of 156065501?
5
What is the tens digit of 54561317?
1
What is the millions digit of 48302343?
8
What is the hundred millions digit of 106766440?
1
What is the thousands digit of 17726795?
6
What is the hundreds digit of 89457636?
6
What is the millions digit of 16914933?
6
What is the hundred thousands digit of 17250226?
2
What is the ten millions digit of 63909264?
6
What is the ten thousands digit of 24761163?
6
What is the thousands digit of 165087185?
7
What is the millions digit of 398678595?
8
What is the units digit of 305435830?
0
What is the thousands digit of 1543529?
3
What is the ten millions digit of 4122699000?
2
What is the millions digit of 12762172?
2
What is the units digit of 46445710?
0
What is the tens digit of 2356201589?
8
What is the ten thousands digit of 35122969?
2
What is the millions digit of 214297453?
4
What is the thousands digit of 1403790302?
0
What is the millions digit of 1137055833?
7
What is the hundreds digit of 9204378174?
1
What is the hundred thousands digit of 445889924?
8
What is the hundred thousands digit of 61788268?
7
What is the hundreds digit of 80739885?
8
What is the ten millions digit of 1764782923?
6
What is the ten millions digit of 6108177942?
0
What is the billions digit of 1379411267?
1
What is the hundred millions digit of 4039252881?
0
What is the thousands digit of 62208749?
8
What is the millions digit of 59419393?
9
What is the hundred thousands digit of 62800148?
8
What is the tens digit of 833162015?
1
What is the ten thousands digit of 85917557?
1
What is the billions digit of 2021589472?
2
What is the ten millions digit of 83499333?
8
What is the millions digit of 106197404?
6
What is the ten thousands digit of 105881241?
8
What is the billions digit of 2860105329?
2
What is the hundreds digit of 256520511?
5
What is the millions digit of 172377653?
2
What is the ten millions digit of 4647583346?
4
What is the tens digit of 1560241406?
0
What is the thousands digit of 891328819?
8
What is the thousands digit of 134098735?
8
What is the ten millions digit of 749953856?
4
What is the tens digit of 3599552535?
3
What is the thousands digit of 3224770?
4
What is the tens digit of 733512336?
3
What is the thousands digit of 63438622?
8
What is the thousands digit of 37402140?
2
What is the ten thousands digit of 140056329?
5
What is the units digit of 1254879020?
0
What is the millions digit of 43601655?
3
What is the hundred thousands digit of 98669915?
6
What is the tens digit of 1125464319?
1
What is the hundreds digit of 471609733?
7
What is the tens digit of 55227217?
1
What is the millions digit of 3303051326?
3
What is the ten millions digit of 128341256?
2
What is the hundred millions digit of 183889003?
1
What is the thousands digit of 19962629?
2
What is the ten millions digit of 201456594?
0
What is the tens digit of 2399777677?
7
What is the hundred thousands digit of 633459608?
4
What is the thousands digit of 84897473?
7
What is the hundreds digit of 44689513?
5
What is the hundreds digit of 163659968?
9
What is the millions digit of 126048698?
6
What is the hundreds digit of 326947292?
2
What is the tens digit of 1518047357?
5
What is the tens digit of 1586062245?
4
What is the ten thousands digit of 1161741786?
4
What is the millions digit of 46313269?
6
What is the hundred thousands digit of 287968136?
9
What is the hundred millions digit of 2621910388?
6
What is the ten thousands digit of 1204967807?
6
What is the thousands digit of 2934366739?
6
What is the ten thousands digit of 35867538?
6
What is the hundred millions digit of 368359189?
3
What is the units digit of 967627?
7
What is the ten thousands digit of 6609491?
0
What is the units digit of 275269724?
4
What is the thousands digit of 3304892?
4
What is the hundred millions digit of 238156415?
2
What is the units digit of 3208178872?
2
What is the ten thousands digit of 16928241?
2
What is the thousands digit of 1718482455?
2
What is the units digit of 3126790953?
3
What is the ten millions digit of 168432057?
6
What is the tens digit of 21655943?
4
What is the ten thousands digit of 102203409?
0
What is the hundred millions digit of 1772177545?
7
What is the millions digit of 1960989910?
0
What is the thousan